{"id":308,"date":"2023-03-31T16:03:11","date_gmt":"2023-03-31T14:03:11","guid":{"rendered":"https:\/\/www.ecofil.hu\/?page_id=308"},"modified":"2023-03-31T16:03:11","modified_gmt":"2023-03-31T14:03:11","slug":"aquameter-3","status":"publish","type":"page","link":"https:\/\/www.ecofil.hu\/index.php\/aquameter-3\/","title":{"rendered":"Aquameter"},"content":{"rendered":"<p>[et_pb_section fb_built=&#8221;1&#8243; _builder_version=&#8221;4.19.5&#8243; _module_preset=&#8221;default&#8221; background_color=&#8221;#E3E3E3&#8243; bottom_divider_style=&#8221;slant2&#8243; bottom_divider_color=&#8221;#E2AA49&#8243; bottom_divider_height=&#8221;30px&#8221; global_colors_info=&#8221;{}&#8221; theme_builder_area=&#8221;post_content&#8221;][et_pb_row column_structure=&#8221;1_2,1_2&#8243; _builder_version=&#8221;4.19.5&#8243; _module_preset=&#8221;default&#8221; global_colors_info=&#8221;{}&#8221; theme_builder_area=&#8221;post_content&#8221;][et_pb_column type=&#8221;1_2&#8243; _builder_version=&#8221;4.19.5&#8243; _module_preset=&#8221;default&#8221; global_colors_info=&#8221;{}&#8221; theme_builder_area=&#8221;post_content&#8221;][et_pb_text _builder_version=&#8221;4.20.2&#8243; _module_preset=&#8221;default&#8221; text_font=&#8221;|||on|||||&#8221; header_font=&#8221;|||on|||||&#8221; header_text_align=&#8221;left&#8221; custom_padding=&#8221;7px|||||&#8221; hover_enabled=&#8221;0&#8243; global_colors_info=&#8221;{}&#8221; theme_builder_area=&#8221;post_content&#8221; sticky_enabled=&#8221;0&#8243;]<\/p>\n<h4>Aquameter<\/h4>\n<p>[\/et_pb_text][et_pb_text _builder_version=&#8221;4.20.2&#8243; _module_preset=&#8221;default&#8221; theme_builder_area=&#8221;post_content&#8221; hover_enabled=&#8221;0&#8243; sticky_enabled=&#8221;0&#8243; text_text_color=&#8221;#080b18&#8243;]<\/p>\n<p>Az Aquameter egy m\u00e9r\u0151eszk\u00f6z, amellyel k\u00fcl\u00f6nf\u00e9le t\u00edpus\u00fa olajok nedvess\u00e9gtartalm\u00e1t m\u00e9rik. Fel\u00e9p\u00edt\u00e9s\u00e9b\u0151l ad\u00f3d\u00f3an els\u0151sorban az \u00fczemeltet\u00e9s\u00fckh\u00f6z olajt\u00f6lt\u00e9st haszn\u00e1l\u00f3 rendszerek fel\u00fcgyelet\u00e9re \u00e9s karbantart\u00e1s\u00e1ra szolg\u00e1l. Az olajban l\u00e9v\u0151 v\u00edz mennyis\u00e9g\u00e9t k\u00f6zvetetten, sz\u00e1m\u00edt\u00e1ssal hat\u00e1rozz\u00e1k meg a m\u00e9rt h\u0151m\u00e9rs\u00e9klett\u0151l \u00e9s az olajban l\u00e9v\u0151 v\u00edz aktivit\u00e1s\u00e1t\u00f3l val\u00f3 h\u0151m\u00e9rs\u00e9kletf\u00fcgg\u00e9sek alapj\u00e1n.<\/p>\n<p>&nbsp;<\/p>\n<p>A v\u00edz aktivit\u00e1sa f\u00fcggetlen az olaj fajt\u00e1j\u00e1t\u00f3l, kor\u00e1t\u00f3l \u00e9s h\u0151m\u00e9rs\u00e9klet\u00e9t\u0151l. \u00c9rt\u00e9kei az olaj nedvess\u00e9gtartalm\u00e1nak \u00f6sszehasonl\u00edthat\u00f3 \u00e9rt\u00e9k\u00e9t jelzik a lehet\u0151 legnagyobb tel\u00edtetts\u00e9gi fokig. A 0% \u00e9rt\u00e9k azt jelenti, hogy az olaj nem tartalmaz vizet. A 100% \u00e9rt\u00e9k az olaj maxim\u00e1lis v\u00edzzel val\u00f3 tel\u00edtetts\u00e9g\u00e9t, valamint a szabad v\u00edz (\u00fan. emulge\u00e1lt v\u00edz) jelenl\u00e9t\u00e9t jelenti. Az Aquameter nem alkalmas olajban l\u00e9v\u0151 emulge\u00e1lt v\u00edz m\u00e9r\u00e9s\u00e9re.<\/p>\n<p>[\/et_pb_text][\/et_pb_column][et_pb_column type=&#8221;1_2&#8243; _builder_version=&#8221;4.19.5&#8243; _module_preset=&#8221;default&#8221; global_colors_info=&#8221;{}&#8221; theme_builder_area=&#8221;post_content&#8221;][et_pb_image src=&#8221;https:\/\/www.ecofil.hu\/wp-content\/uploads\/2023\/03\/aquameter-1.png&#8221; alt=&#8221;aquameter&#8221; title_text=&#8221;aquameter&#8221; align=&#8221;right&#8221; _builder_version=&#8221;4.20.2&#8243; _module_preset=&#8221;default&#8221; custom_margin=&#8221;100px||||false|false&#8221; hover_enabled=&#8221;0&#8243; global_colors_info=&#8221;{}&#8221; theme_builder_area=&#8221;post_content&#8221; sticky_enabled=&#8221;0&#8243;][\/et_pb_image][\/et_pb_column][\/et_pb_row][\/et_pb_section][et_pb_section fb_built=&#8221;1&#8243; _builder_version=&#8221;4.20.2&#8243; _module_preset=&#8221;default&#8221; background_enable_color=&#8221;off&#8221; background_image=&#8221;https:\/\/www.ecofil.hu\/wp-content\/uploads\/2023\/03\/bg6.png&#8221; top_divider_style=&#8221;slant2&#8243; top_divider_color=&#8221;#E2AA49&#8243; top_divider_height=&#8221;30px&#8221; bottom_divider_style=&#8221;slant2&#8243; bottom_divider_color=&#8221;#E2AA49&#8243; bottom_divider_height=&#8221;30px&#8221; global_colors_info=&#8221;{}&#8221; theme_builder_area=&#8221;post_content&#8221;][\/et_pb_section]<\/p>\n","protected":false},"excerpt":{"rendered":"<p>AquameterAz Aquameter egy m\u00e9r\u0151eszk\u00f6z, amellyel k\u00fcl\u00f6nf\u00e9le t\u00edpus\u00fa olajok nedvess\u00e9gtartalm\u00e1t m\u00e9rik. Fel\u00e9p\u00edt\u00e9s\u00e9b\u0151l ad\u00f3d\u00f3an els\u0151sorban az \u00fczemeltet\u00e9s\u00fckh\u00f6z olajt\u00f6lt\u00e9st haszn\u00e1l\u00f3 rendszerek fel\u00fcgyelet\u00e9re \u00e9s karbantart\u00e1s\u00e1ra szolg\u00e1l. Az olajban l\u00e9v\u0151 v\u00edz mennyis\u00e9g\u00e9t k\u00f6zvetetten, sz\u00e1m\u00edt\u00e1ssal hat\u00e1rozz\u00e1k meg a m\u00e9rt h\u0151m\u00e9rs\u00e9klett\u0151l \u00e9s az olajban l\u00e9v\u0151 v\u00edz aktivit\u00e1s\u00e1t\u00f3l val\u00f3 h\u0151m\u00e9rs\u00e9kletf\u00fcgg\u00e9sek alapj\u00e1n. &nbsp; A v\u00edz aktivit\u00e1sa f\u00fcggetlen az olaj fajt\u00e1j\u00e1t\u00f3l, kor\u00e1t\u00f3l \u00e9s h\u0151m\u00e9rs\u00e9klet\u00e9t\u0151l. \u00c9rt\u00e9kei [&hellip;]<\/p>\n","protected":false},"author":1,"featured_media":0,"parent":0,"menu_order":0,"comment_status":"closed","ping_status":"closed","template":"","meta":{"_et_pb_use_builder":"on","_et_pb_old_content":"","_et_gb_content_width":"","footnotes":""},"class_list":["post-308","page","type-page","status-publish","hentry"],"_links":{"self":[{"href":"https:\/\/www.ecofil.hu\/index.php\/wp-json\/wp\/v2\/pages\/308","targetHints":{"allow":["GET"]}}],"collection":[{"href":"https:\/\/www.ecofil.hu\/index.php\/wp-json\/wp\/v2\/pages"}],"about":[{"href":"https:\/\/www.ecofil.hu\/index.php\/wp-json\/wp\/v2\/types\/page"}],"author":[{"embeddable":true,"href":"https:\/\/www.ecofil.hu\/index.php\/wp-json\/wp\/v2\/users\/1"}],"replies":[{"embeddable":true,"href":"https:\/\/www.ecofil.hu\/index.php\/wp-json\/wp\/v2\/comments?post=308"}],"version-history":[{"count":2,"href":"https:\/\/www.ecofil.hu\/index.php\/wp-json\/wp\/v2\/pages\/308\/revisions"}],"predecessor-version":[{"id":313,"href":"https:\/\/www.ecofil.hu\/index.php\/wp-json\/wp\/v2\/pages\/308\/revisions\/313"}],"wp:attachment":[{"href":"https:\/\/www.ecofil.hu\/index.php\/wp-json\/wp\/v2\/media?parent=308"}],"curies":[{"name":"wp","href":"https:\/\/api.w.org\/{rel}","templated":true}]}}