{"id":298,"date":"2023-03-31T15:57:37","date_gmt":"2023-03-31T13:57:37","guid":{"rendered":"https:\/\/www.ecofil.hu\/?page_id=298"},"modified":"2023-04-02T14:33:29","modified_gmt":"2023-04-02T12:33:29","slug":"magneses-szures","status":"publish","type":"page","link":"https:\/\/www.ecofil.hu\/index.php\/magneses-szures\/","title":{"rendered":"M\u00e1gneses sz\u0171r\u00e9s"},"content":{"rendered":"<p>[et_pb_section fb_built=&#8221;1&#8243; _builder_version=&#8221;4.19.5&#8243; _module_preset=&#8221;default&#8221; background_color=&#8221;#E3E3E3&#8243; bottom_divider_style=&#8221;slant2&#8243; bottom_divider_color=&#8221;#E2AA49&#8243; bottom_divider_height=&#8221;30px&#8221; global_colors_info=&#8221;{}&#8221;][et_pb_row column_structure=&#8221;1_2,1_2&#8243; _builder_version=&#8221;4.19.5&#8243; _module_preset=&#8221;default&#8221; global_colors_info=&#8221;{}&#8221;][et_pb_column type=&#8221;1_2&#8243; _builder_version=&#8221;4.19.5&#8243; _module_preset=&#8221;default&#8221; global_colors_info=&#8221;{}&#8221;][et_pb_text _builder_version=&#8221;4.20.2&#8243; _module_preset=&#8221;default&#8221; text_font=&#8221;|||on|||||&#8221; header_font=&#8221;|||on|||||&#8221; header_text_align=&#8221;left&#8221; custom_padding=&#8221;7px|||||&#8221; hover_enabled=&#8221;0&#8243; global_colors_info=&#8221;{}&#8221; custom_margin=&#8221;190px||||false|false&#8221; sticky_enabled=&#8221;0&#8243; text_font_size=&#8221;16px&#8221;]<\/p>\n<h4 style=\"text-align: center;\">M\u00e1gneses sz\u0171r\u00e9s<\/h4>\n<p>[\/et_pb_text][\/et_pb_column][et_pb_column type=&#8221;1_2&#8243; _builder_version=&#8221;4.19.5&#8243; _module_preset=&#8221;default&#8221; global_colors_info=&#8221;{}&#8221;][et_pb_image src=&#8221;https:\/\/www.ecofil.hu\/wp-content\/uploads\/2023\/03\/magnetic_filtration_category.png&#8221; alt=&#8221;oil_analysis_category&#8221; title_text=&#8221;magnetic&#8221; align=&#8221;right&#8221; _builder_version=&#8221;4.20.2&#8243; _module_preset=&#8221;default&#8221; custom_margin=&#8221;100px||||false|false&#8221; global_colors_info=&#8221;{}&#8221;][\/et_pb_image][\/et_pb_column][\/et_pb_row][\/et_pb_section][et_pb_section fb_built=&#8221;1&#8243; _builder_version=&#8221;4.20.2&#8243; _module_preset=&#8221;default&#8221; background_enable_color=&#8221;off&#8221; background_image=&#8221;https:\/\/www.ecofil.hu\/wp-content\/uploads\/2023\/03\/bg6.png&#8221; top_divider_style=&#8221;slant2&#8243; top_divider_color=&#8221;#E2AA49&#8243; top_divider_height=&#8221;30px&#8221; bottom_divider_style=&#8221;slant2&#8243; bottom_divider_color=&#8221;#E2AA49&#8243; bottom_divider_height=&#8221;30px&#8221; global_colors_info=&#8221;{}&#8221;][et_pb_row column_structure=&#8221;1_2,1_2&#8243; _builder_version=&#8221;4.20.2&#8243; _module_preset=&#8221;default&#8221; global_colors_info=&#8221;{}&#8221;][et_pb_column type=&#8221;1_2&#8243; _builder_version=&#8221;4.20.2&#8243; _module_preset=&#8221;default&#8221; global_colors_info=&#8221;{}&#8221;][et_pb_text _builder_version=&#8221;4.20.2&#8243; _module_preset=&#8221;default&#8221; text_font=&#8221;|||on|||||&#8221; text_text_color=&#8221;#225491&#8243; text_font_size=&#8221;20px&#8221; global_colors_info=&#8221;{}&#8221;]<\/p>\n<p style=\"text-align: center;\">M\u00e1gneses szepar\u00e1tor<\/p>\n<p>[\/et_pb_text][et_pb_image src=&#8221;https:\/\/www.ecofil.hu\/wp-content\/uploads\/2023\/03\/magnetic_separator_s.png&#8221; alt=&#8221;magnetic_separator_s&#8221; title_text=&#8221;magnetic_separator_s&#8221; align=&#8221;center&#8221; _builder_version=&#8221;4.20.2&#8243; _module_preset=&#8221;default&#8221; global_colors_info=&#8221;{}&#8221;][\/et_pb_image][et_pb_text _builder_version=&#8221;4.20.2&#8243; _module_preset=&#8221;default&#8221; text_text_color=&#8221;#080b18&#8243; global_colors_info=&#8221;{}&#8221;]<\/p>\n<p><span>Ezt a sz\u0171r\u0151rendszert a\u00a0mechanikai \u00e9s ferrom\u00e1gneses szennyez\u0151d\u00e9sek olajb\u00f3l val\u00f3 szepar\u00e1l\u00e1s\u00e1ra\u00a0haszn\u00e1lj\u00e1k. A\u00a0m\u00e1gneses szepar\u00e1tor a\u00a0 k\u00f6zponti rendszer f\u0151\u00e1ramk\u00f6r\u00e9be van bek\u00f6tve, ami teljesen\u00a0automatiz\u00e1lt, kezel\u0151 n\u00e9lk\u00fcl m\u0171k\u00f6dik. Haszn\u00e1lata az ECOFIL sz\u0171r\u00e9ssel, garant\u00e1lja az olaj megtiszt\u00edt\u00e1s\u00e1t\u00a0a\u00a0NAS min\u0151s\u00edt\u00e9s szerinti 3-4 fokra. Ez az \u00e9rt\u00e9k alacsonyabb (az olaj tiszt\u00e1bb) mint az \u00e1ltal\u00e1nos \u00faj\u00a0olajn\u00e1l.<\/span><\/p>\n<p>[\/et_pb_text][\/et_pb_column][et_pb_column type=&#8221;1_2&#8243; _builder_version=&#8221;4.20.2&#8243; _module_preset=&#8221;default&#8221; global_colors_info=&#8221;{}&#8221;][et_pb_text _builder_version=&#8221;4.20.2&#8243; _module_preset=&#8221;default&#8221; text_font=&#8221;|||on|||||&#8221; text_text_color=&#8221;#225491&#8243; text_font_size=&#8221;20px&#8221; global_colors_info=&#8221;{}&#8221;]<\/p>\n<p style=\"text-align: center;\">M\u00e1gneses sz\u0171r\u0151<\/p>\n<p>[\/et_pb_text][et_pb_image src=&#8221;https:\/\/www.ecofil.hu\/wp-content\/uploads\/2023\/03\/unit_magnet_s.png&#8221; alt=&#8221;unit_magnet_s&#8221; title_text=&#8221;unit_magnet_s&#8221; align=&#8221;center&#8221; _builder_version=&#8221;4.20.2&#8243; _module_preset=&#8221;default&#8221; global_colors_info=&#8221;{}&#8221;][\/et_pb_image][et_pb_text _builder_version=&#8221;4.20.2&#8243; _module_preset=&#8221;default&#8221; text_text_color=&#8221;#080b18&#8243; global_colors_info=&#8221;{}&#8221;]<\/p>\n<p><span>Az MF 10 \u201eteljes \u00e1ram\u00fa\u201d m\u00e1gneses sz\u0171r\u0151, amely a\u00a0ferrom\u00e1gneses\u00a0mikror\u00e9szecsk\u00e9ket szepar\u00e1lja a\u00a0rendszerb\u0151l. A\u00a0sz\u0171r\u0151 0,9T er\u0151ss\u00e9g\u0171 m\u00e1gnest\u00a0tartalmaz. A\u00a0sz\u0171r\u0151 a szivatty\u00fa el\u00f6tti \u00e1ramba, a \u00a0berendez\u00e9sbe val\u00f3 bel\u00e9p\u00e9s el\u0151tt\u00a0kell bek\u00f6tni. A m\u00e1gnessel felfogott ferrom\u00e1gneses r\u00e9szecsk\u00e9k \u00e1ltal l\u00e1that\u00f3 az\u00a0olaj szennyez\u0151d\u00e9se. A\u00a0rendszerbe val\u00f3 bek\u00f6t\u00e9skor sz\u00fcks\u00e9ges szelepet\u00a0helyezni a\u00a0sz\u0171r\u0151 el\u00e9 \u00e9s m\u00f6g\u00e9. A\u00a0szelepek elz\u00e1r\u00e1sa lehet\u0151v\u00e9 teszi a\u00a0sz\u0171r\u0151\u00a0k\u00e9nyelmes kitiszt\u00edt\u00e1s\u00e1t. A szelepek elz\u00e1r\u00e1sa ut\u00e1n a\u00a0sz\u0171r\u0151t fontos ki\u00fcr\u00edteni az\u00a0\u00fcr\u00edt\u0151 szelep seg\u00edts\u00e9g\u00e9vel, majd a\u00a0m\u00e1gnes kiv\u00e9tele ut\u00e1n m\u0171anyagt\u00f6rl\u0151\u00a0seg\u00edts\u00e9g\u00e9vel el lehet r\u00f3la t\u00e1vol\u00edtani a\u00a0ferrom\u00e1gneses r\u00e9szecsk\u00e9ket.<\/span><\/p>\n<p>[\/et_pb_text][\/et_pb_column][\/et_pb_row][\/et_pb_section]<\/p>\n","protected":false},"excerpt":{"rendered":"<p>M\u00e1gneses sz\u0171r\u00e9sM\u00e1gneses szepar\u00e1torEzt a sz\u0171r\u0151rendszert a\u00a0mechanikai \u00e9s ferrom\u00e1gneses szennyez\u0151d\u00e9sek olajb\u00f3l val\u00f3 szepar\u00e1l\u00e1s\u00e1ra\u00a0haszn\u00e1lj\u00e1k. A\u00a0m\u00e1gneses szepar\u00e1tor a\u00a0 k\u00f6zponti rendszer f\u0151\u00e1ramk\u00f6r\u00e9be van bek\u00f6tve, ami teljesen\u00a0automatiz\u00e1lt, kezel\u0151 n\u00e9lk\u00fcl m\u0171k\u00f6dik. Haszn\u00e1lata az ECOFIL sz\u0171r\u00e9ssel, garant\u00e1lja az olaj megtiszt\u00edt\u00e1s\u00e1t\u00a0a\u00a0NAS min\u0151s\u00edt\u00e9s szerinti 3-4 fokra. Ez az \u00e9rt\u00e9k alacsonyabb (az olaj tiszt\u00e1bb) mint az \u00e1ltal\u00e1nos \u00faj\u00a0olajn\u00e1l.M\u00e1gneses sz\u0171r\u0151Az MF 10 \u201eteljes \u00e1ram\u00fa\u201d m\u00e1gneses sz\u0171r\u0151, [&hellip;]<\/p>\n","protected":false},"author":1,"featured_media":0,"parent":0,"menu_order":0,"comment_status":"closed","ping_status":"closed","template":"","meta":{"_et_pb_use_builder":"on","_et_pb_old_content":"","_et_gb_content_width":"","footnotes":""},"class_list":["post-298","page","type-page","status-publish","hentry"],"_links":{"self":[{"href":"https:\/\/www.ecofil.hu\/index.php\/wp-json\/wp\/v2\/pages\/298","targetHints":{"allow":["GET"]}}],"collection":[{"href":"https:\/\/www.ecofil.hu\/index.php\/wp-json\/wp\/v2\/pages"}],"about":[{"href":"https:\/\/www.ecofil.hu\/index.php\/wp-json\/wp\/v2\/types\/page"}],"author":[{"embeddable":true,"href":"https:\/\/www.ecofil.hu\/index.php\/wp-json\/wp\/v2\/users\/1"}],"replies":[{"embeddable":true,"href":"https:\/\/www.ecofil.hu\/index.php\/wp-json\/wp\/v2\/comments?post=298"}],"version-history":[{"count":5,"href":"https:\/\/www.ecofil.hu\/index.php\/wp-json\/wp\/v2\/pages\/298\/revisions"}],"predecessor-version":[{"id":486,"href":"https:\/\/www.ecofil.hu\/index.php\/wp-json\/wp\/v2\/pages\/298\/revisions\/486"}],"wp:attachment":[{"href":"https:\/\/www.ecofil.hu\/index.php\/wp-json\/wp\/v2\/media?parent=298"}],"curies":[{"name":"wp","href":"https:\/\/api.w.org\/{rel}","templated":true}]}}